late the highest common factor of 275 and s.
55
Let q be 6 + -2 + -2*(-1 - 49). Suppose -58 = -u - 4*l, -3*u + q = -4*l + 2*l. Calculate the highest common factor of 2 and u.
2
Let f be 46738 + (-19)/((-228)/(-36))*3. What is the greatest common divisor of f and 83?
83
Let b = -243 + 245. Suppose -4*w = -b*j - 652, 2*j - 7*j - 342 = -2*w. Calculate the greatest common factor of 21 and w.
7
Let q be 3/5*120/36. Suppose 5*b + o = -3*o + 982, -q*o - 994 = -5*b. What is the highest common divisor of b and 18?
18
Suppose 0 = 5*b + 4*i - 1987, 34 = -b - 4*i + 425. Calculate the greatest common divisor of 6517 and b.
133
Suppose -87*u = 29*u - 21712 - 60068. What is the highest common divisor of 90 and u?
15
Let b = 2834 - 2036. What is the greatest common factor of 462 and b?
42
Let h = 11 - 11. Let w be -4*((2 - h) + -3). Let d be 45/30 + -1*(-2)/(-4). What is the greatest common divisor of w and d?
1
Let x be -332*5/(-2 - -12). Let q = x - -180. Calculate the greatest common factor of 112 and q.
14
Let h(k) = 89*k - 24. Suppose -11 - 5 = -8*v. Let a be h(v). Calculate the highest common divisor of a and 28.
14
Suppose 2*n - 10 = 5*u, 3*n - 5*u + 10 = 5*n. Suppose -n*m + a = 1, 4 = -0*m + 3*m + 4*a. Suppose m*v = 4*v - 40. What is the highest common factor of 30 and v?
10
Let q = 1004 - 993. What is the greatest common factor of q and 1133?
11
Let c be 572/(-6)*21/14. Let t = c + 155. What is the highest common factor of t and 9?
3
Let p(u) be the third derivative of u**6/40 - 7*u**5/60 - u**4/12 + 5*u**3/6 - 53*u**2. Let g be p(5). What is the highest common factor of 45 and g?
15
Suppose 379*m + 1548 = 388*m. Calculate the greatest common divisor of 23908 and m.
172
Let g = 138 - -83. Let o = 240 - g. Let a = 200 + -48. What is the greatest common divisor of o and a?
19
Let a(h) be the second derivative of h**4/12 + h**3/3 + 62*h**2 + 21*h. Let k be a(0). Let o = -88 + k. Calculate the greatest common divisor of 9 and o.
9
Let o be (-1)/6*-6*(-1 - 0). Let m be 43 + ((-8)/10)/(o/(-5)). Calculate the greatest common factor of 429 and m.
39
Suppose -3*h - 2*k = -1367, 3*k + 460 = -2*h + 1363. Let c be (1 - -1)/(14/119). What is the highest common factor of h and c?
17
Let y(c) = -42*c - 186. Let r be y(-17). Let z be (-858)/(-99) + 0 + (-6)/9. Calculate the greatest common divisor of z and r.
8
Let a(y) = 15 - 3 + 2002*y - 1991*y + 4*y**2 - 3*y**3. Let q be a(-5). Calculate the greatest common divisor of 54 and q.
54
Let y = 2974 - 2974. Let p(a) be the second derivative of -a**4/12 + 175*a**2/2 + a. Let b be p(y). Calculate the highest common divisor of b and 70.
35
Suppose 0*y + 3*y = w - 574, -3*w = -3*y - 1752. Suppose -463 + 60 = -13*z. What is the highest common factor of z and w?
31
Let g be ((-45)/10)/(1/(-4)). Let f = -44 - -62. Suppose 0 = 7*u - 6*u - f. What is the greatest common divisor of g and u?
18
Let q = 117 - 114. Suppose -23*j + 19*j = -16. Suppose -q*w + o = -4*w + 29, 5*w = j*o + 127. Calculate the greatest common factor of w and 3.
3
Let m be 1247 - 2 - (-52 + 58). Calculate the highest common divisor of 105 and m.
21
Let o be ((-6)/4)/(6/(-256)). Let d(j) = -106*j - 22694. Let v be d(-215). Calculate the highest common factor of o and v.
32
Suppose -4*l - 22384 = -w, -96*w = -102*w - 2*l + 134356. Calculate the greatest common factor of 72 and w.
72
Let f be ((-94)/235)/(2/1685). Let h = f + 371. What is the greatest common divisor of 119 and h?
17
Let v(x) = -39*x + 54. Let g be v(-5). Suppose -18*s = -g - 21. Let w = -154 + 274. What is the highest common factor of w and s?
15
Suppose 0 = -16*q + 76*q - 3784 - 1016. Suppose 5*h - 292 - 208 = 0. Calculate the greatest common divisor of h and q.
20
Suppose -50*y + 48*y + 6102 = 4*w, -1520 = -w + 5*y. What is the greatest common divisor of 25 and w?
25
Let f be ((-54)/10 - 6/(-15))*(-2880)/20. Calculate the greatest common divisor of 1040 and f.
80
Let p(f) = 102*f - 4507. Let n be p(45). What is the highest common factor of n and 17098?
83
Let p be -7*(-20)/(-35)*-352. Calculate the highest common divisor of 608 and p.
32
Suppose 2*w - 3*r - 75 = -w, 0 = -3*r. Suppose -9*j + 65 = -w. Let x = -44 + 49. What is the highest common divisor of j and x?
5
Let f be -2 + 10/15*15 + 6455. What is the highest common factor of f and 23?
23
Suppose 0 = 5*l + 3*y - 45, 1696*l - 1694*l - 3*y = 18. What is the highest common divisor of l and 1044?
9
Suppose -9*f - 21*f = 25*f - 3410. What is the greatest common factor of 7533 and f?
31
Let q be 30/(-4)*20/(-15). Let x = 1519 - 1439. Calculate the highest common divisor of x and q.
10
Let f be (-291)/(-12) - 9/(-12). Suppose 30*l - 75 = f*l. What is the highest common divisor of 40 and l?
5
Let h = -2495 - -2515. What is the greatest common divisor of h and 2060?
20
Suppose -9 = -3*l + 9. Let q(p) = p**2 - 17*p + 66. Let i = 1126 + -1112. Let f be q(i). What is the highest common divisor of l and f?
6
Suppose -4*w - w + 9 = 2*z, -w + 34 = 5*z. Suppose 0 = z*l + 70 - 14. Let u be l*(18/27)/((-16)/54). What is the greatest common divisor of 12 and u?
6
Let h = -447 - -318. Let j = -80 - h. What is the greatest common factor of 21 and j?
7
Let t(b) = -4*b + 83. Let j be t(23). Let q(n) = n**2 + 5*n - 22. Let c be q(j). Let i be 4*1*(-2)/(-4). Calculate the greatest common factor of i and c.
2
Let l(o) = -o**2 + o + 30. Let q be l(0). Let j(z) = z**2 + 130*z - 6752. Let s be j(40). Calculate the highest common divisor of s and q.
6
Let c be (35/(2660/(-8)) - (-50)/114)*819. What is the greatest common divisor of c and 2912?
91
Let c = 177 + -178. Let x be (c - 0) + (1 + -1 - -10). Calculate the greatest common factor of 15 and x.
3
Let w = 120 + -87. Let t be w/(-2)*(0 + -2)*3. Calculate the highest common divisor of 55 and t.
11
Suppose 34*f = 29*f + 30. Let p = 221 + -206. What is the greatest common factor of f and p?
3
Let d be ((-360)/(-35))/(9/168). Suppose -3*o + 79 = 4*s + 2*o, -s = 3*o - 25. Calculate the highest common divisor of s and d.
16
Suppose -1304*o + 1369*o - 3900 = 0. Calculate the greatest common factor of o and 8220.
60
Let m be (11/(-11))/(10/(-55) + 30/286). What is the greatest common factor of 6253 and m?
13
Let l = -526 + 534. Suppose -l*t = -24*t + 2160. Calculate the highest common factor of 30 and t.
15
Let d = 19095 + -17831. What is the greatest common factor of d and 272?
16
Let m(d) = 8*d + 61. Let s be m(-7). Let j be s/(-2*(-6)/48). What is the greatest common divisor of 220 and j?
20
Suppose n - 2014 = -r + 16567, 0 = 3*r + 5*n - 55749. Calculate the greatest common divisor of r and 14.
14
Let r = -4219 - -5683. What is the highest common factor of r and 48?
24
Let b(k) = 778*k - 1758. Let s be b(6). Calculate the greatest common factor of s and 45.
15
Suppose 3852 + 152 = 22*k. Let u = k - 166. What is the greatest common divisor of u and 400?
16
Suppose -2*d + 51 = -5*n - 185, 4*n = -3*d + 377. Suppose 3*c = 6*c + 2*a - 402, c - 3*a = d. Calculate the highest common divisor of c and 48.
12
Let t be (2 + 0)/(30/3675). Let c be (132/7)/4 + (-30)/(-105). What is the highest common factor of t and c?
5
Let f(d) = -2*d**3 - d - 9. Let u be f(-3). Suppose u*a - 53*a + 280 = 0. Let i be (6/(-12))/(2/(-32)). What is the highest common divisor of a and i?
8
Let w be (-1 + 124)*((-9)/162*-30 - 1). Calculate the greatest common divisor of 1599 and w.
41
Let z = 37379 - 37355. Suppose 96 = -3*s + 7*s. Calculate the highest common factor of z and s.
24
Suppose -11*n = -5*x - 7*n + 18185, 0 = -5*x - n + 18160. What is the greatest common factor of x and 14?
7
Suppose -h = 2*h - 528. Let x = -5844 + 5892. What is the greatest common factor of x and h?
16
Let q(m) = m**2 - 70*m + 753. Let s be q(57). What is the highest common divisor of 17268 and s?
12
Let g = -214 - -10. Let q be (((-3)/4)/(-3))/((-3)/g). Let z be -5 + 107/3*(-3 - -6). Calculate the highest common divisor of q and z.
17
Let r(z) = 2*z**2. Let h(o) = -9*o**2 + o + 6. Let x(g) = h(g) + 5*r(g). Let i be x(-3). Calculate the highest common divisor of i and 312.
12
Let d = -251 - -259. Suppose 16*n - 665 = -121. What is the highest common factor of d and n?
2
Suppose 100 + 61 = 19*q - 29. Calculate the highest common factor of q and 17.
1
Let d(s) = -4*s